he remainder when 2355 is divided by 31?
30
What is the remainder when 341 is divided by 46?
19
Calculate the remainder when 79 is divided by 10.
9
What is the remainder when 349 is divided by 208?
141
What is the remainder when 13373 is divided by 11?
8
What is the remainder when 434 is divided by 203?
28
What is the remainder when 2239 is divided by 3?
1
Calculate the remainder when 477 is divided by 68.
1
Calculate the remainder when 981 is divided by 80.
21
What is the remainder when 150 is divided by 20?
10
What is the remainder when 42 is divided by 37?
5
What is the remainder when 1148 is divided by 46?
44
Calculate the remainder when 118 is divided by 47.
24
Calculate the remainder when 90 is divided by 16.
10
Calculate the remainder when 2483 is divided by 6.
5
Calculate the remainder when 678 is divided by 97.
96
What is the remainder when 156 is divided by 130?
26
What is the remainder when 74 is divided by 43?
31
Calculate the remainder when 150 is divided by 79.
71
What is the remainder when 126 is divided by 73?
53
Calculate the remainder when 61 is divided by 12.
1
Calculate the remainder when 81 is divided by 25.
6
Calculate the remainder when 478 is divided by 39.
10
What is the remainder when 588 is divided by 59?
57
What is the remainder when 403 is divided by 46?
35
Calculate the remainder when 212 is divided by 12.
8
Calculate the remainder when 54 is divided by 40.
14
Calculate the remainder when 106 is divided by 101.
5
Calculate the remainder when 378 is divided by 32.
26
Calculate the remainder when 735 is divided by 109.
81
What is the remainder when 193 is divided by 28?
25
What is the remainder when 125 is divided by 46?
33
Calculate the remainder when 85 is divided by 42.
1
What is the remainder when 1973 is divided by 353?
208
Calculate the remainder when 7826 is divided by 178.
172
What is the remainder when 597 is divided by 74?
5
What is the remainder when 505 is divided by 27?
19
What is the remainder when 696 is divided by 339?
18
What is the remainder when 80 is divided by 4?
0
What is the remainder when 5277 is divided by 60?
57
Calculate the remainder when 609 is divided by 127.
101
Calculate the remainder when 256 is divided by 37.
34
What is the remainder when 6525 is divided by 92?
85
Calculate the remainder when 512 is divided by 52.
44
What is the remainder when 5249 is divided by 5?
4
Calculate the remainder when 222 is divided by 4.
2
What is the remainder when 24 is divided by 11?
2
What is the remainder when 1294 is divided by 54?
52
Calculate the remainder when 1103 is divided by 16.
15
What is the remainder when 85 is divided by 30?
25
Calculate the remainder when 887 is divided by 111.
110
Calculate the remainder when 227 is divided by 31.
10
What is the remainder when 129 is divided by 26?
25
Calculate the remainder when 544 is divided by 39.
37
Calculate the remainder when 1377 is divided by 228.
9
Calculate the remainder when 164 is divided by 58.
48
What is the remainder when 299 is divided by 30?
29
What is the remainder when 600 is divided by 14?
12
Calculate the remainder when 8734 is divided by 13.
11
Calculate the remainder when 1282 is divided by 38.
28
What is the remainder when 2461 is divided by 56?
53
Calculate the remainder when 58 is divided by 12.
10
What is the remainder when 189 is divided by 86?
17
Calculate the remainder when 78 is divided by 59.
19
What is the remainder when 1498 is divided by 62?
10
What is the remainder when 20421 is divided by 69?
66
What is the remainder when 105 is divided by 54?
51
What is the remainder when 1077 is divided by 79?
50
What is the remainder when 291 is divided by 21?
18
What is the remainder when 135 is divided by 68?
67
Calculate the remainder when 58 is divided by 21.
16
Calculate the remainder when 7 is divided by 1.
0
Calculate the remainder when 548 is divided by 61.
60
What is the remainder when 531 is divided by 19?
18
What is the remainder when 66 is divided by 17?
15
What is the remainder when 1082 is divided by 77?
4
Calculate the remainder when 66 is divided by 23.
20
What is the remainder when 95 is divided by 41?
13
What is the remainder when 367 is divided by 180?
7
Calculate the remainder when 11530 is divided by 372.
370
Calculate the remainder when 454 is divided by 121.
91
What is the remainder when 1392 is divided by 666?
60
Calculate the remainder when 304 is divided by 93.
25
What is the remainder when 23708 is divided by 24?
20
Calculate the remainder when 154 is divided by 50.
4
Calculate the remainder when 89 is divided by 19.
13
What is the remainder when 4745 is divided by 82?
71
Calculate the remainder when 214 is divided by 55.
49
Calculate the remainder when 172 is divided by 47.
31
What is the remainder when 310 is divided by 13?
11
Calculate the remainder when 317 is divided by 129.
59
Calculate the remainder when 161 is divided by 39.
5
What is the remainder when 39 is divided by 5?
4
What is the remainder when 831 is divided by 35?
26
What is the remainder when 33 is divided by 4?
1
What is the remainder when 662 is divided by 323?
16
Calculate the remainder when 1771 is divided by 162.
151
Calculate the remainder when 582 is divided by 97.
0
Calculate the remainder when 161 is divided by 28.
21
What is the remainder when 159 is divided by 57?
45
What is the remainder when 2582 is divided by 9?
8
What is the remainder when 1338 is divided by 150?
138
What is the remainder when 1214 is divided by 152?
150
What is the remainder when 562 is divided by 492?
70
Calculate the remainder when 165 is divided by 24.
21
Calculate the remainder when 69 is divided by 59.
10
Calculate the remainder when 183 is divided by 65.
53
Calculate the remainder when 299 is divided by 147.
5
Calculate the remainder when 1664 is divided by 139.
135
Calculate the remainder when 117 is divided by 55.
7
What is the remainder when 2761 is divided by 40?
1
What is the remainder when 22 is divided by 1?
0
Calculate the remainder when 1545 is divided by 309.
0
What is the remainder when 443 is divided by 3?
2
What is the remainder when 1198 is divided by 592?
14
Calculate the remainder when 8783 is divided by 35.
33
Calculate the remainder when 8470 is divided by 2810.
40
What is the remainder when 6491 is divided by 590?
1
What is the remainder when 224 is divided by 118?
106
Calculate the remainder when 2100 is divided by 348.
12
What is the remainder when 743 is divided by 54?
41
Calculate the remainder when 2254 is divided by 560.
14
Calculate the remainder when 151 is divided by 20.
11
Calculate the remainder when 81 is divided by 40.
1
What is the remainder when 1701 is divided by 19?
10
What is the remainder when 3968 is divided by 45?
8
Calculate the remainder when 1451 is divided by 289.
6
What is the remainder when 358 is divided by 25?
8
What is the remainder when 1293 is divided by 428?
9
What is the remainder when 874 is divided by 22?
16
Calculate the remainder when 829 is divided by 35.
24
What is the remainder when 68 is divided by 3?
2
What is the remainder when 487 is divided by 61?
60
Calculate the remainder when 1448 is divided by 704.
40
Calculate the remainder when 755 is divided by 274.
207
What is the remainder when 109 is divided by 14?
11
What is the remainder when 295 is divided by 76?
67
Calculate the remainder when 639 is divided by 107.
104
Calculate the remainder when 253 is divided by 49.
8
Calculate the remainder when 372 is divided by 169.
34
Calculate the remainder when 47 is divided by 7.
5
What is the remainder when 4046 is divided by 19?
18
Calculate the remainder when 234 is divided by 57.
6
Calculate the remainder when 133 is divided by 24.
13
What is the remainder when 86 is divided by 44?
42
What is the remainder when 21787 is divided by 227?
222
Calculate the remainder when 486 is divided by 164.
158
Calculate the remainder when 320 is divided by 17.
14
Calculate the remainder when 662 is divided by 225.
212
Calculate the remainder when 1503 is divided by 248.
15
Calculate the remainder when 228 is divided by 37.
6
What is the remainder when 25 is divided by 11?
3
What is the remainder when 2790 is divided by 59?
17
Calculate the remainder when 262 is divided by 56.
38
Calculate the remai